
{"id":51,"date":"2024-02-12T12:52:44","date_gmt":"2024-02-12T11:52:44","guid":{"rendered":"https:\/\/wp.local\/?page_id=51"},"modified":"2025-03-27T13:14:26","modified_gmt":"2025-03-27T12:14:26","slug":"mentions-legales","status":"publish","type":"page","link":"https:\/\/siocachan.fr\/index.php\/mentions-legales\/","title":{"rendered":"Mentions l\u00e9gales"},"content":{"rendered":"\n<h3 class=\"wp-block-heading\">Res Loquens<\/h3>\n\n\n\n<p>Forme juridique<\/p>\n\n\n\n<p>Res Loquens est une auto-entreprise d\u00e9clar\u00e9e au registre du commerce sous le SIRET 53282792000010.<\/p>\n\n\n\n<h3 class=\"wp-block-heading\">Cr\u00e9ation du site<\/h3>\n\n\n\n<p>H\u00e9bergeur : Res Loquens<\/p>\n\n\n\n<p>Cr\u00e9ateur : Res Loquens<\/p>\n\n\n\n<h3 class=\"wp-block-heading\">Propri\u00e9t\u00e9 intellectuelle<\/h3>\n\n\n\n<p>Tous les \u00e9l\u00e9ments des sites administr\u00e9s par le site SIOCACHAN sont la propri\u00e9t\u00e9 de la soci\u00e9t\u00e9 Res Loquens.<br>Conform\u00e9ment \u00e0 l\u2019article L. 122-4 du Code de la propri\u00e9t\u00e9 intellectuelle, toute repr\u00e9sentation, reproduction, traduction, adaptation, transformation int\u00e9grale ou partielle des textes et\/ou des \u0153uvres de ce site faite sans le consentement de\u00a0Res Loquens est interdite.<\/p>\n","protected":false},"excerpt":{"rendered":"<p>Res Loquens Forme juridique Res Loquens est une auto-entreprise d\u00e9clar\u00e9e au registre du commerce sous le SIRET 53282792000010. Cr\u00e9ation du site H\u00e9bergeur : Res Loquens Cr\u00e9ateur : Res Loquens Propri\u00e9t\u00e9 intellectuelle Tous les \u00e9l\u00e9ments des sites administr\u00e9s par le site SIOCACHAN sont la propri\u00e9t\u00e9 de la soci\u00e9t\u00e9 Res Loquens.Conform\u00e9ment \u00e0 l\u2019article L. 122-4 du Code [&hellip;]<\/p>\n","protected":false},"author":1,"featured_media":0,"parent":0,"menu_order":0,"comment_status":"closed","ping_status":"closed","template":"","meta":{"_acf_changed":false,"footnotes":""},"class_list":["post-51","page","type-page","status-publish","hentry"],"acf":[],"_links":{"self":[{"href":"https:\/\/siocachan.fr\/index.php\/wp-json\/wp\/v2\/pages\/51","targetHints":{"allow":["GET"]}}],"collection":[{"href":"https:\/\/siocachan.fr\/index.php\/wp-json\/wp\/v2\/pages"}],"about":[{"href":"https:\/\/siocachan.fr\/index.php\/wp-json\/wp\/v2\/types\/page"}],"author":[{"embeddable":true,"href":"https:\/\/siocachan.fr\/index.php\/wp-json\/wp\/v2\/users\/1"}],"replies":[{"embeddable":true,"href":"https:\/\/siocachan.fr\/index.php\/wp-json\/wp\/v2\/comments?post=51"}],"version-history":[{"count":4,"href":"https:\/\/siocachan.fr\/index.php\/wp-json\/wp\/v2\/pages\/51\/revisions"}],"predecessor-version":[{"id":374,"href":"https:\/\/siocachan.fr\/index.php\/wp-json\/wp\/v2\/pages\/51\/revisions\/374"}],"wp:attachment":[{"href":"https:\/\/siocachan.fr\/index.php\/wp-json\/wp\/v2\/media?parent=51"}],"curies":[{"name":"wp","href":"https:\/\/api.w.org\/{rel}","templated":true}]}}